3563138 prime?
False
Is 7377521 prime?
True
Is 405053149 a prime number?
False
Is 29154089 prime?
True
Is 37241359 prime?
True
Is 84393349 composite?
False
Is 15066241 prime?
True
Is 1335151 a prime number?
False
Is 22526529 a prime number?
False
Is 4984469 a prime number?
False
Is 91918571 a composite number?
False
Is 3305567 a composite number?
True
Is 22221649 a composite number?
False
Is 42282335 a composite number?
True
Is 4615183 composite?
False
Is 3242599 a prime number?
False
Is 920107 a composite number?
False
Is 10647181 composite?
False
Is 14746003 a composite number?
False
Is 116117 a composite number?
True
Is 60345671 composite?
True
Is 22453399 composite?
False
Is 968137 composite?
False
Is 12241813 composite?
True
Is 261769 a composite number?
True
Is 74646571 a composite number?
True
Is 246971 prime?
True
Is 219899479 a composite number?
False
Is 156096205 prime?
False
Is 901354 prime?
False
Is 348451949 a composite number?
False
Is 559541677 a composite number?
True
Is 2105069 prime?
True
Is 1856549 prime?
False
Is 22989209 a composite number?
False
Is 9158777 a prime number?
True
Is 422076557 a prime number?
False
Is 74657489 prime?
False
Is 80406527 a prime number?
False
Is 4542467 a composite number?
False
Is 5354959 prime?
False
Is 116257415 prime?
False
Is 9991757 prime?
True
Is 11903509 composite?
True
Is 10957711 a composite number?
False
Is 1572391 a prime number?
False
Is 80050834 composite?
True
Is 5333857 a composite number?
False
Is 370872617 a composite number?
False
Is 17153717 a prime number?
False
Is 106329761 a prime number?
True
Is 12735043 a composite number?
False
Is 22817 composite?
False
Is 257141 a composite number?
False
Is 178751935 composite?
True
Is 24015515 composite?
True
Is 121144337 composite?
False
Is 3703481 a prime number?
False
Is 26447251 prime?
True
Is 2186777 composite?
True
Is 147380411 prime?
True
Is 1850007 a prime number?
False
Is 1390979 a composite number?
False
Is 56030081 composite?
False
Is 16819891 a prime number?
False
Is 27338027 composite?
False
Is 310201109 composite?
False
Is 8968759 a prime number?
True
Is 8237147 a prime number?
False
Is 5187487 prime?
True
Is 39240503 prime?
True
Is 14242333 composite?
True
Is 141034351 composite?
False
Is 81076007 composite?
False
Is 219223 composite?
False
Is 50218769 composite?
True
Is 1550117 a composite number?
True
Is 266304581 prime?
False
Is 77795467 a prime number?
False
Is 4937521 a prime number?
False
Is 18329299 composite?
False
Is 69737 prime?
True
Is 16363279 composite?
True
Is 1136417 a composite number?
False
Is 37521455 a composite number?
True
Is 5418977 a prime number?
True
Is 1976983 composite?
False
Is 20523749 a composite number?
True
Is 5835569 a composite number?
False
Is 450207089 a composite number?
True
Is 1281711 prime?
False
Is 25755406 a prime number?
False
Is 67947329 prime?
False
Is 50069623 composite?
True
Is 12091895 composite?
True
Is 380287 a prime number?
True
Is 2762597 prime?
False
Is 82677773 composite?
True
Is 70893521 composite?
True
Is 104851607 composite?
True
Is 2171431 prime?
True
Is 530017 prime?
True
Is 210011341 a prime number?
True
Is 1765097 composite?
True
Is 30367847 a prime number?
False
Is 523459 prime?
True
Is 471773 composite?
True
Is 4413119 a prime number?
True
Is 61118077 a composite number?
True
Is 113579005 a prime number?
False
Is 5969339 composite?
True
Is 62876729 composite?
False
Is 11703911 a composite number?
False
Is 447409 a prime number?
True
Is 53359249 a composite number?
False
Is 133029869 composite?
True
Is 31461403 a composite number?
False
Is 218774329 prime?
True
Is 647650103 prime?
False
Is 1000783 a prime number?
False
Is 6737713 composite?
True
Is 2270221 a composite number?
True
Is 1128089 a prime number?
True
Is 43707119 a prime number?
False
Is 19315577 prime?
False
Is 22770877 a prime number?
True
Is 2797669 prime?
False
Is 34554539 a composite number?
False
Is 757759 a composite number?
True
Is 294629 a prime number?
True
Is 1048153 prime?
False
Is 3329423 composite?
False
Is 36271537 a composite number?
False
Is 51061 a prime number?
True
Is 1629197 composite?
False
Is 400575853 prime?
True
Is 15787151 composite?
False
Is 6823417 composite?
True
Is 7995905 prime?
False
Is 44262219 composite?
True
Is 22763423 a composite number?
False
Is 345599 a prime number?
True
Is 21122617 a prime number?
False
Is 71339201 composite?
True
Is 40099859 a composite number?
False
Is 27824977 a composite number?
False
Is 1479671 composite?
False
Is 676577 a composite number?
True
Is 654659 a prime number?
False
Is 25817563 composite?
False
Is 121943407 a prime number?
False
Is 11235226 a composite number?
True
Is 14379899 prime?
False
Is 33503153 a composite number?
True
Is 737294 a composite number?
True
Is 150963347 prime?
True
Is 57207191 composite?
True
Is 1997531 a prime number?
True
Is 14391803 a prime number?
True
Is 5001393 a prime number?
False
Is 195680261 a composite number?
True
Is 26010511 composite?
False
Is 3997649 prime?
True
Is 765727 prime?
True
Is 1589103481 prime?
False
Is 7787737 prime?
False
Is 15782693 a composite number?
True
Is 20427457 a composite number?
False
Is 10818271 a composite number?
False
Is 46041189 prime?
False
Is 25709393 composite?
True
Is 5749579 composite?
True
Is 20222987 a prime number?
True
Is 1343863 composite?
False
Is 7635959 prime?
True
Is 6256747 prime?
False
Is 4409933 a prime number?
False
Is 10679983 a prime number?
True
Is 48289679 prime?
True
Is 13595387 a prime number?
False
Is 359926451 a composite number?
False
Is 3362687 composite?
True
Is 29810257 prime?
True
Is 14781431 composite?
True
Is 47777731 a composite number?
False
Is 140386903 prime?
True
Is 13014779 a composite number?
False
Is 5265266 composite?
True
Is 5408311 a composite number?
False
Is 6550237 a composite number?
True
Is 127563277 a composite number?
False
Is 528811 composite?
False
Is 18874459 a prime number?
True
Is 2914607 composite?
False
Is 40763599 prime?
True
Is 13483661 a composite number?
True
Is 9581981 prime?
True
Is 99154799 composite?
True
Is 569711559 a composite number?
True
Is 4440413 composite?
False
Is 93516455 a prime number?
False
Is 20667293 a composite number?
False
Is 37942495 a prime number?
False
Is 2769191 a prime number?
False
Is 7448062 a composite number?
True
Is 96698221 a composite number?
False
Is 149050019 composite?
True
Is 12525307 a prime number?
False
Is 491243 prime?
False
Is 760289 composite?
False
Is 283875283 composite?
False
Is 4834842499 composite?
False
Is 19816406 a composite number?
True
Is 11662259 composite?
True
Is 4261109 composite?
False
Is 151116133 composite?
True
Is 231864247 a prime number?
True
Is 124367129 composite?
False
Is 48330861 prime?
False
Is 1360871 prime?
False
Is 53396319 prime?
False
Is 15090497 a composite number?
False
Is 11517383 composite?
True
Is 57890087 prime?
True
Is 746197 a composite number?
False
Is 499657397 a composite number?
True
Is 1013851 composite?
False
Is 133039801 prime?
False
Is 10683791 a prime number?
True
Is 5605411 a composite number?
True
Is 79408007 prime?
False
Is 16548671 a composite number?
True
Is 13448269 composite?
False
Is 122993 prime?
False
Is 108596393 a prime number?
True
Is 25192529 prime?
False
Is 317059689 a composite number?
True
Is 5023123 a prime number?
False
Is 2439221 a composite number?
False
Is 16998797 a prime number?
True
Is 4341031 a composite number?
True
Is 49955531 a composite number?
True
Is 12829753 composite?
True
Is 3345829 composite?
False
Is 60107969 composite?
True
Is 5678327 a prime number?
True
Is 48197399 a composite number?
False
Is 206135861 a composite number?
False
Is 7782979 composite?
False
Is 3083351 prime?
False
Is 39628762 prime?
False
Is 120679121 a prime number?
False
Is 590217 a composite number?
True
Is 75291897 composite?
True
Is 5473001 composite?
False
Is 593159 prime?
False
Is 20533837 a prime number?
False
Is 27677863 composite?
False
Is 150641969 a composite number?
True
Is 1806971 a prime number?
True
Is 215242 a prime number?
False
Is 2897677 composite?
True
Is 11157107 composite?
True
Is 30249173 composite?
True
Is 1509451 a composite number?
True
Is 3173719 composite?
True
Is 543215303 